nder when a(15) is divided by 6.
3
Suppose 0 = 136*v - 152*v + 368. Calculate the remainder when 3861 is divided by v.
20
Suppose 38*t = 40*t - 10. Suppose t*o - 4*n = 7*o - 26, -4*n = 4*o - 44. Calculate the remainder when 35 is divided by o.
8
Suppose -802*x = -133*x - 300381. Calculate the remainder when x is divided by 16.
1
Let l be 4/6 - 60/36. Calculate the remainder when 114 is divided by l/(452/348 + 12/(-9)).
27
Calculate the remainder when 0 - (((-580)/80 - (-3)/(-4)) + -14458) is divided by 39.
36
Let f(k) = -4 + 17*k + 22 + 9 + 17. What is the remainder when 167 is divided by f(-2)?
7
Suppose 166*b - 13221 = -101*b - 13*b + 1339. Let y(k) = 2*k**3 - 6*k**2 - 4*k + 5. What is the remainder when y(6) is divided by b?
41
Suppose -13*x + 50 = -223. Suppose 500 + 382 = x*b. What is the remainder when 100 is divided by b?
16
Let b(g) = 31*g**2 + 9*g + 27. Suppose 4 = 4*l + 16. What is the remainder when b(l) is divided by 35?
34
What is the remainder when 1766855/388 - 17/(-4) is divided by 12?
10
Let z(x) = x**2 + 39*x + 43. Let m be z(-38). Calculate the remainder when 296 is divided by (-4)/(-40)*-4 - (-137)/m.
26
Let y = 2 - -6. Suppose 2*o + 233 = 5*z, 44 + y = z + 5*o. Suppose t - z - 19 = 2*h, t - h - 68 = 0. Calculate the remainder when t is divided by 36.
34
Calculate the remainder when 2/11 + 2*(-26280)/(-110) + 6 is divided by 163.
158
Suppose 83*m = 86*m - 30. Let s(i) be the first derivative of i**2 - 6*i + 2. Calculate the remainder when 55 is divided by s(m).
13
Let t be ((-345)/(-10) + 1)*(2 + 0). Suppose t*v = 73*v - 264. What is the remainder when v is divided by 34?
30
Let n = -4145 - -9888. What is the remainder when n is divided by 15?
13
Suppose -68*h = -109*h + 861. Calculate the remainder when h is divided by 10.
1
Suppose 5*m - 4478 = -0*m + 2372. Calculate the remainder when 4110 is divided by m.
0
Suppose -8*p = -32*p + 792. Calculate the remainder when p is divided by (238/(-35))/((-8)/20).
16
Suppose 113*v + 399 = 206*v - 3321. Suppose 4 = p + 16. Let t(n) = -18*n - 18. Calculate the remainder when t(p) is divided by v.
38
Let j be 0/(-1 - (-5 - -1)). Suppose j*a = a - 14. Calculate the remainder when a is divided by 2.
0
Let v(d) = -3*d - 72. Let i be v(-25). Let g = -127 - -217. Calculate the remainder when g is divided by (-26 - 3)*-1 + i.
26
Let g(y) = -y**3 - 12*y**2 + 13*y + 6. Let b be g(7). Let p = b - -883. What is the remainder when p is divided by 28?
21
Suppose -11*r - 267 = 1405. Let x = r - -154. Calculate the remainder when 11 is divided by x.
1
Let n(u) = 2*u**3 - 21*u**2 - 221*u + 2309. What is the remainder when n(12) is divided by (-1)/(-2)*(0 - -66)?
23
Suppose 0 = 3*r + 2*r - 615. Let l = 688 + -999. Let i = -293 - l. What is the remainder when r is divided by i?
15
Let g = 131 - 135. Suppose -2*n + c = -90, -4*n + 112 = -5*c - 74. Calculate the remainder when n is divided by (-24 - -18)*2/g*5.
14
Suppose d + d = 552. Suppose -20*m - 119 + 1229 = -10. What is the remainder when d is divided by m?
52
Let f(z) = -29*z**2 - 589*z + 21. What is the remainder when f(-20) is divided by 28?
5
Let m(a) = -1788*a + 9065. Let r(c) = 2*c**2 - 9*c - 11. Calculate the remainder when m(5) is divided by r(9).
55
Let k(r) = 10*r - 133. Calculate the remainder when 781 is divided by k(14).
4
Suppose -25*d - 15 = -22*d, d = 2*o - 571. Calculate the remainder when o is divided by 128.
27
Let q(j) = j**3 + 10*j**2 - 9*j - 60. Suppose 2*i + 234 = -s + 5*s, -5*i + 241 = 4*s. What is the remainder when s is divided by q(-10)?
29
Let r(i) = i**2 + 10*i - 5. Suppose -24*b + 30*b - 24 = 0. Calculate the remainder when 253 is divided by r(b).
49
Suppose -z + 192 = 751. Let p = -392 - z. Suppose -d = -2*x - 80, 0*d - p = -2*d - 3*x. What is the remainder when d is divided by 21?
19
Suppose -125 = -5*m - 75. Suppose 0 = 3*x + 2*j - 70, -j + 0 = -2. Suppose x + 23 = 3*o. What is the remainder when o is divided by m?
5
Suppose -2*p + 2298 - 1554 = 2*p. Calculate the remainder when 196 is divided by p.
10
Suppose 4*l + 564 - 1817 = -o, 0 = -26*l + o + 8197. Calculate the remainder when 1842 is divided by l.
267
Let r(u) be the second derivative of u**3/6 + 7*u**2 + 60*u. Calculate the remainder when 63 is divided by r(3).
12
Calculate the remainder when 37 is divided by -11 + (48 - 31) + (-1)/(-1).
2
Suppose -3*b - 32 = -11, -13*h + 617 = b. What is the remainder when 1451 is divided by h?
11
Let p = -160 - -160. Suppose -2*d = 7*h - 9*h - 128, p = -4*h - 4. Calculate the remainder when 503 is divided by d.
62
Let j(s) = -s**2 + 1151*s - 7994. Calculate the remainder when 8072 is divided by j(7).
8
Suppose 1374*j - 23994 = 1288*j. What is the remainder when 3904 is divided by j?
277
Let n = 5385 + -4875. Calculate the remainder when n is divided by 143.
81
Calculate the remainder when 11/(88/8424) + (-3 - 1) - 0 is divided by 50.
49
Suppose -2*q = 2*i - i - 125, -3*i = 5*q - 310. Let g = -30 - -53. What is the remainder when q is divided by g?
19
Let m = -17 + 42. Let s = 11077 - 10829. What is the remainder when s is divided by m?
23
Suppose 5*c - 20 = -5*i + 20, 5*i - 48 = 3*c. Calculate the remainder when (-250)/(-4)*(-7 + i) is divided by 27.
17
Let k = -16648 - -17275. Calculate the remainder when 628 is divided by k.
1
Let h(l) = 37*l**2 - 52*l**2 + 15 + 26*l**2 - l**3 - 11*l. Let y be h(10). Suppose -y*f = 15 - 530. Calculate the remainder when f is divided by 26.
25
Let v(d) = -306*d + 16. Let j(q) = 2*q. Let b(u) = -3*j(u) - v(u). What is the remainder when b(2) is divided by 65?
64
Suppose 16 = 4*p + q, -2*q + 147 = 2*p + 151. Let d = 97 - -4. Calculate the remainder when d is divided by p.
5
Let f(o) = 71*o**2 - 2*o. Let t be 2 + 1 - (4 + -3)*-1. Suppose -4*p = -8 + t. Calculate the remainder when f(p) is divided by 18.
15
Suppose -4*o - 2*b = -88, -2*o = -b - 13 - 23. Let j = 47893 + -47808. What is the remainder when j is divided by o?
5
Let i be 4 + (-4316)/(-7 + 3). Suppose 24*z - i = -171. Calculate the remainder when 47 is divided by z.
9
Let y = -161 + 161. Suppose y = 45*a - 47*a + 14. Let g(j) = 4*j**2 + 2. Calculate the remainder when g(2) is divided by a.
4
Suppose 0*p - 13*p + 20709 = 0. Suppose p - 522 = 21*b. Calculate the remainder when b is divided by 28.
23
Suppose 3*j - r + 47 = -2*r, 3*j = 5*r - 17. What is the remainder when 74 is divided by j/28 + (-110)/(-4)?
20
Let v(j) = -16*j - 149. Let p(t) = t**3 - 10*t**2 - 2*t + 10. Let g be p(10). What is the remainder when 37 is divided by v(g)?
4
Let y be 539 + 1 + (36 - 31). Let n = y + -512. Calculate the remainder when 45 is divided by n.
12
Suppose 362 = 4*k - 2*f, -50*k - 5*f - 359 = -54*k. Calculate the remainder when k is divided by 8/(10/(-4) - -3).
11
Suppose 248038 = 71*w + 63*w - 213726. Calculate the remainder when w is divided by 72.
62
Let c(s) = s - 6*s + 72 - 42. Suppose 2*t + 81 = 2*g + 31, 2*g - 5*t - 62 = 0. What is the remainder when c(-6) is divided by g?
18
Let b be (-6)/(-10) + 21672/105. Calculate the remainder when 52 is divided by (b/12 - 2) + (-10)/40.
7
Let r = -7742 - -8897. What is the remainder when r is divided by 18?
3
Suppose -24*j + 85407 = 35*j - 10*j. Calculate the remainder when j is divided by 125.
118
Suppose -26*w + 2929 = -2245. What is the remainder when 990 is divided by w?
194
Let l = -165 + 172. Suppose l*w - 362 + 89 = 0. What is the remainder when 85 is divided by w?
7
Suppose -8*l = -4*s + 36, 3 = 5*s - l - 24. What is the remainder when 58 is divided by s?
3
Suppose -7052 = -64*x - 524. What is the remainder when x is divided by 25?
2
Suppose -33*z = -97*z + 1152. What is the remainder when 5884 is divided by z?
16
Suppose 0 = 17*n - 0*n - 4981. Suppose -2*j + 4*h + 22 = -0*j, -2*j + 3*h = -27. What is the remainder when n is divided by j?
20
Let b = -98 + 3. Let y = b - -291. What is the remainder when y is divided by 52?
40
Suppose 21*z + 10230 = -12*z. Let u = 407 + z. What is the remainder when u is divided by 84?
13
Let o(n) = 2*n**2 + 10*n + 106. Let f be o(-20). Let w = f + -699. Calculate the remainder when 34 is divided by w.
6
Let g(a) = -a**2 + 6*a + 18. Suppose 7*w - 4 = 31. What is the remainder when g(w) is divided by 9?
5
Let m(z) = -160*z**2 - 28*z + 3. Let v be m(-2). Let 